lculate z(b).
-7
Let s(v) = 2*v**2 + v + 5. Let x(w) = 1. Let d(k) = s(k) - 5*x(k). Suppose h + 1 = -5*f + 15, 0 = -5*h - f - 26. Let r be h/14 - 60/(-42). Give d(r).
3
Let t(o) = -o**3 + 3*o**2 + 5*o - 17. Let h be t(3). Let c(f) = -f**2 + 5*f + 5. What is c(h)?
-9
Let t(c) = 19 - 6193*c**3 - 4*c**2 - 4*c**2 + 6194*c**3 - 3*c**2 + 8*c. Determine t(10).
-1
Let l(t) = -t**3 + 7*t**2 - 7*t + 4. Let z(j) = j**2 + 2*j - 9. Suppose -11*k = -8*k + 12. Let n be z(k). Let o be 9/((-2)/(-4) - n). Give l(o).
-2
Let q(s) = 3*s**3 - 31*s**2 + 17*s - 32. Let r(b) = b**3 - 11*b**2 + 6*b - 11. Let t(d) = -6*q(d) + 17*r(d). Give t(0).
5
Suppose -46 = -13*k + 32. Let i(y) = -5*y**3 + y**2 - y - 8. Let f(v) = -v**3 - 1. Let h(c) = k*f(c) - i(c). Calculate h(2).
-8
Let t(g) = 7*g**3 - g**2. Suppose 5*w - 53 = -3*p - 0*w, -4*w + 38 = 2*p. Let o(h) = 5*h - 2. Let f be o(-2). Let u = f + p. Give t(u).
-8
Let z(v) = v**3 + 7*v**2 + 6*v + 1. Let j(x) = -2*x**2 - 7*x + 12. Let m be j(-6). Let h be (m/(-1 + -2))/(-1). Calculate z(h).
1
Suppose -4*h - 10 = -2. Let b(j) = -j**2 - j. Let x(o) = -o**2 - 2*o - 5. Let z be x(0). Let a(q) = 6*q**2 + 2*q - 3. Let c(k) = z*b(k) - a(k). Calculate c(h).
-7
Let m(q) = -q - 32. Let y = -3 - 20. Let x be m(y). Let l(h) = -h**2 - 8*h + 5. Determine l(x).
-4
Let f(z) be the second derivative of z**3/2 - 9*z**2/2 + 122*z. Determine f(6).
9
Let d(o) = 4*o - 1. Let z(p) = -p - 5. Let h be z(-8). Suppose 5*k + 2 = -3*n, 4*k + 0 = -h*n - 1. What is d(k)?
-5
Let y(d) = -39*d. Let a(n) = -5*n. Let h(p) = -15*a(p) + 2*y(p). Let k be 1*(-4)/(-4 + 0). Calculate h(k).
-3
Let k(t) = 2*t + 171 - 176 - 4*t. Determine k(0).
-5
Suppose 5*n - 2*z = 20, 8*n + 5*z + 17 = 4*n. Let w(k) = k**2 - 6*k**n + 5 + 6*k**2 - 9*k. Determine w(8).
-3
Let p be -8 + (-36)/(-6) + 4. Let w(v) = v**3 - v**2 - 3*v + 4. Determine w(p).
2
Let h(t) = 11*t**3 + 12*t**2 - t. Let c(i) = 20*i**3 + 24*i**2 - 2*i + 1. Let m(l) = -6*c(l) + 11*h(l). What is m(12)?
6
Let t be (1 - 3)*(1 + -2). Let o(v) = 5 + v + v**t + 2*v**2 - 12 - 2*v**2. Give o(0).
-7
Let j(p) = -2*p**2 - 15*p - 9. Let v(k) = 4*k - 54. Let a be v(12). Give j(a).
9
Let y(v) = -17*v - 20. Let m(o) = -6*o - 3. Let n(b) = 11*m(b) - 4*y(b). Calculate n(0).
47
Let p = -30 - -26. Let y be 15/20 - (-3)/p. Let v(k) = k**2. Give v(y).
0
Let z(h) be the third derivative of -h**6/120 + h**5/6 - 3*h**4/8 - h**3/6 + 18*h**2. Suppose -11*y = -4*y - 63. Calculate z(y).
-1
Let c(g) = 2*g**2 - 49*g + 155. Let l be c(21). Let a(m) = m - 7. What is a(l)?
1
Let p(x) = -x - 1. Let t(z) = z + 17. Let c(d) = 2*p(d) + t(d). What is c(-11)?
26
Let h be (39/52)/(6/40). Let v(p) = p + 0*p - h - 4. Let c(f) = -f + 1. Let o be c(1). Give v(o).
-9
Let n(t) = -t**2 - 7*t - 3. Let g be n(-7). Let c be (28/(-42))/((-1)/g). Let l(j) = -j**3 - 2*j**2 - 2*j - 1. What is l(c)?
3
Let b(v) = 5*v - 3. Let s(i) = 14*i - 10. Let k(y) = 11*b(y) - 4*s(y). Let n be -7 + (-7 + 3 - -1). Let t = n - -10. Determine k(t).
7
Let q(b) = b**2 - 9*b + 5. Let a(i) = -2*i**2 + 3*i**2 + 2*i - 7 - 5*i**2 - i**3. Let w be a(-5). What is q(w)?
-3
Suppose 3*q - 11 = i, 2*i = q + 3*q - 12. Let l(m) be the second derivative of -m**4/12 + m**3 - 2*m**2 + 19*m. Calculate l(q).
1
Let x(r) = -r**2 - 960 + 1917 - 954 + 2*r. Calculate x(-4).
-21
Let a(i) be the first derivative of -2*i**2 - 3 + 1/3*i**3 + i. What is a(6)?
13
Let t be 22/8 + (-27)/36. Suppose -d = t*o - 6, o + 2*d = 7*d - 8. Let h(l) = 6*l - 27*l**3 + 7*l**2 + l**o - 6 + 28*l**3. Determine h(-7).
1
Let f(y) = 8*y**2 + 6 + 3 + y - 6 + y**3. What is f(-8)?
-5
Let p = -21 + 46. Let u(g) = -40*g. Let w(l) = -5*l. Let o(m) = p*w(m) - 3*u(m). Calculate o(3).
-15
Suppose 8*d - 5*d - 78 = 0. Let o = d + -23. Suppose -4*g + 6 = -o*g. Let r(p) = p**2 - 4*p - 6. Determine r(g).
6
Let v(f) = -2 + 1 + 0*f + 0*f - 8*f**2. Suppose -37*b - 34 - 3 = 0. Determine v(b).
-9
Let f(d) = d - 8. Let q(a) = 7*a - 4*a + 16 - 3*a - 2*a. Let c(s) = 13*f(s) + 6*q(s). Suppose 3*h - 6 = 3*i, -2*i = -3*h - 0*i + 10. What is c(h)?
-2
Let o(p) = -p + 1. Suppose z = 5*z + 16. Let y(f) = 9. Let x(c) = z*o(c) + y(c). Determine x(-5).
-15
Let o(x) = x**2 - 8*x + 6. Let n(g) = g. Let f(y) = 11*y - 1. Let p(q) = f(q) - 4*n(q). Let h be p(1). Calculate o(h).
-6
Let h(a) = -11*a**2 + a + 3. Let m(v) = -v**3 + 22*v**2 - 4*v - 5. Let c(y) = -5*h(y) - 2*m(y). Calculate c(-5).
5
Let q(i) = -i**3 - 5*i**2 + 2. Let u be (4 - 1) + -4 + -1. Let j be (u - -2) + 2 + -7. Calculate q(j).
2
Let i = 27 - 2. Let u be 0 + (-235)/i + 2/5. Let o(j) = j**2 + 10*j + 13. Calculate o(u).
4
Let t(i) = -i**2 - 12*i - 5. Suppose -48 = -4*c + 8*c. Give t(c).
-5
Let j(p) = 6*p - 2. Let m = 647 - 646. What is j(m)?
4
Let g(w) be the third derivative of -w**6/60 + w**4/8 + w**3/3 + w**2. Let m be 4*2 - 5/(-35)*-7. Suppose 0 = -2*x + m*x + 10. Determine g(x).
12
Let i(c) = -c + 5. Let p(b) = b**2 - 7*b. Let v be p(6). Determine i(v).
11
Let y(m) = 3*m**2 - 4*m**2 + 3 + 3 - 5*m. Let p be 0 - 0 - (8 + 24). Let k = 27 + p. Determine y(k).
6
Let b(k) = -k**2 - 14*k. Suppose -2*n - 3*n - 70 = 0. Determine b(n).
0
Let t(g) = -g**3 + 6*g**2 + 4*g + 6. Let o(d) = 3*d**3 - 13*d**2 - 9*d - 13. Let v(w) = -2*o(w) - 5*t(w). Give v(-3).
-7
Let w(v) = -12 + 6 + 10*v + 24 + 15. Determine w(-4).
-7
Let s(u) = 19*u**2 + 3*u + 4. Let c(g) = 3*g**2 + g. Let m(v) = -6*c(v) + s(v). Determine m(6).
22
Suppose -4*r = 20, 22 = 2*o + r + 29. Let z(j) = -35*j**3 + 1. Determine z(o).
36
Let z = 15 - 13. Let n(o) = -2 + 3*o - 4*o**2 + 2*o**2 + 2*o**2 - o**2. What is n(z)?
0
Let t(h) be the third derivative of 0*h - 1/24*h**4 - 2*h**2 + 0 + 2/3*h**3. Suppose 4*v + v = -25. Give t(v).
9
Let g(t) = -t + 9. Let k be 2*(1 + 4/(-8)). Let j be (-110)/(-11)*(2 - k). Determine g(j).
-1
Suppose -k - 1325 = -1341. Let x(v) = -v**2 + 16*v - 3. Give x(k).
-3
Let u(n) = 2*n + 15*n**3 - 21*n**3 - 4 + 3. Let s be (10/(-30))/(2/(-6)). Calculate u(s).
-5
Let a(m) = 5*m - 15. Suppose -3*w - 15 = 24*x - 26*x, -3*x = -2*w - 15. Calculate a(x).
0
Let p(h) = 4*h + 2. Let d = 700 - 704. Determine p(d).
-14
Suppose -1 - 11 = -4*v. Suppose -8*r = -v*r + 35. Let h = -11 - r. Let u(n) = n**2 + 6*n. Give u(h).
-8
Let g = 19 + -27. Let m = 5 + g. Let k(b) = -243*b + 85*b + 3 + 79*b + 81*b. What is k(m)?
-3
Let l(h) = -h**3 - 13*h**2 - 11*h + 15. Let g be l(-12). Let m(d) = -6*d + 3. What is m(g)?
-15
Let h(a) = a**2 + 7*a + 3. Let j be h(-7). Let i be -2*2*j/6. Let t(q) be the second derivative of -q**4/12 - q**3/2 - q**2/2 + 2*q. Give t(i).
1
Let f(m) be the second derivative of -5*m**3/6 - 3*m**2 - 100*m. Give f(-7).
29
Let m(i) be the first derivative of -i**4/4 + i**2/2 + 2. What is m(0)?
0
Let w(a) = 10*a - 36. Let d(y) = -6*y + 18. Let r(n) = 7*d(n) + 4*w(n). What is r(-12)?
6
Let g(p) = -3*p**2 - 26*p + 33. Let l(x) = 2*x**2 + 13*x - 17. Let c(k) = -3*g(k) - 5*l(k). Calculate c(12).
-2
Let k be (1/(-2))/(8/(-48)). Let h(q) = 2*q - k*q + 0 + 1. Let v(m) = 16*m - 10. Let g(i) = -10*h(i) - v(i). Give g(-2).
12
Let g(x) = x + 3. Let o(s) = -4*s - 8. Let y be o(-7). Let h = 25 - y. Calculate g(h).
8
Let a be 1/(-4 + 1)*-87. Let h be (-1 - a)*10/25. Let p = h + 8. Let j(q) = q**3 + 3*q**2 - 5*q + 1. What is j(p)?
5
Let n(a) = -2 - 2 - 3*a**2 + 4*a**2 - a. Suppose 8*g - 15 - 17 = 0. Suppose 0 = -3*m - d + 4 + 12, 0 = -m - g*d + 9. Determine n(m).
16
Let s(b) = 5*b + 5. Let q(a) = 4*a + 4. Let r(p) = -7*q(p) + 6*s(p). Let l be 2*((-9)/(-2) + -4). Suppose 2*t + 5 = l. Give r(t).
-2
Let j be (-227)/(-15) - (-2)/(-15). Suppose 0 = -d + j - 21. Let r(k) = 38 + 2*k - 31 + k. Give r(d).
-11
Let g(p) = 7*p + 53*p**2 - 16*p**2 - 18*p**2 - 18*p**2 + 7. Give g(-3).
-5
Let v(g) = -g**2 + 8*g + 5. Suppose -88 = 14*a - 172. Give v(a).
17
Let r(s) = s**2 - 4*s + 3. Let j be r(5). Let m(x) be the first derivative of -x**3/3 + 5*x**2 - 12*x + 279. What is m(j)?
4
Let m(u) = -u**2 + 8*u + 6. Let w be m(7). Let a be (-288)/(-156) + 2/w. Let s(v) = v - v**2 - 3*v + 2*v**a. Calculate s(4).
8
Let k(r) be the first derivative of -3 + 1/2*r**2 + 7*r. Let m(u) = -2*u**2 + 27*u - 49. Let c be m(2). Calculate k(c).
4
Let a(o) = 13*o - 22. Suppose 246*q - 241*q - 10 = 0. What is a(q)?
4
Let a(o) be the third derivative of 0*o**3 + 0*o + 0 + 3*o**2 + 0*o**4 - 11/60*o